 + 3*c - 3*c. Give h(-2).
4
Let r(c) = c**3 + 3*c**2 - 10*c - 4. Let k be r(-5). Let v(m) = 14*m + 7. Let j(y) = 95*y + 48. Let f(q) = 6*j(q) - 41*v(q). Give f(k).
17
Let o = 2797 + -2759. Let y(u) = -u**2 + 30*u + 298. Give y(o).
-6
Let a be 2/4*2*-2. Let h(l) = 2847 + 2845 + 2*l**2 - 5694. Calculate h(a).
6
Let p(z) = -z - 3. Let b(l) = -l**2 - 3*l. Let f be b(0). Suppose 4*a + 3*g + 28 = f, -3*a + 5*g + 16 = -2*a. Determine p(a).
1
Let a(k) = k**3 - 6*k**2 - 6*k + 10. Let o(b) be the third derivative of -b**5/30 + 3*b**4/8 - b**3/2 - 38*b**2. Let p be o(2). What is a(p)?
17
Let p(f) = 5*f + 13. Let q = -5938 - -5931. Calculate p(q).
-22
Let d(u) = u**2 - 10*u - 3. Let k be 2 + 362/7 + (-32)/(-112). Suppose 48*h + 42 = k*h. Give d(h).
-24
Let f(z) = 16*z**2 - 47*z - 72. Let y(s) = -2*s**2 + 2*s - 1. Let l(r) = f(r) + 9*y(r). Give l(-4).
3
Suppose -3*o + 3*t = 44 + 16, 5*t - 28 = o. Let a be 1*(-26)/3 + o/(-27). Let s(i) = i**3 + 9*i**2 + 5*i - 2. Give s(a).
22
Let s(r) = -17*r - 7*r + 0 + 15*r - 2 + 8*r. Let n(m) = m**3 + 7*m**2 + 5*m - 12. Let c be n(-6). Give s(c).
4
Suppose -6*w + 2*w = 0, 5*i - 20 = i + 4*w. Let g(n) = -14*n + 36. What is g(i)?
-34
Suppose 27 = 4*b - 1. Suppose 0*t = b*t - 21. Let l(s) = -3*s - 3*s**3 + s**2 - 4*s**3 + 2*s - 2*s**t. What is l(1)?
-9
Suppose 11174*o - 11208*o + 136 = 0. Let w(p) = -3*p**2 - 2*p + 9. Let b(d) = d**2 + d - 4. Let t(y) = 5*b(y) + 2*w(y). Calculate t(o).
-14
Let d be -5 - (8/(-6) - 14/(-42)). Let k(o) = -o**3 - 11*o**2 - 27*o. Give k(d).
-4
Let b(z) = z**3 - 7*z**2 + 5*z + 5. Let h(o) = -3*o + 16. Let j be h(7). Let n be (-151)/j + 3/30*-2. Suppose -11*g + 85 - n = 0. Give b(g).
-20
Let u(l) be the first derivative of 2*l**2 + 13*l + 22. Let v(t) = -3*t - 9. Let a(d) = 5*u(d) + 7*v(d). Give a(2).
0
Let o(k) = 2*k**2 + 10*k + 17. Suppose -203*r - 2803 + 976 = 0. Calculate o(r).
89
Let a(u) = 8*u - 29. Suppose -46*n + 444 = 122. What is a(n)?
27
Suppose 5 = 4*a + 2*l - 5, -5*a - l + 11 = 0. Let d be (-3)/6*(2 + a). Let c(o) = 2*o**3 + 3*o**2 + o. Determine c(d).
-6
Suppose -4*n + 17 + 3 = 0. Let c(d) = -6*d**3 - 7*d**2 + 6. Let p(y) = -y**3 + y + 1. Let l(t) = n*p(t) - c(t). Calculate l(-6).
5
Let y(f) = -f + 5. Let d = 360 + -594. Let w = -234 - d. Give y(w).
5
Let n be -7*(-4)/(-6)*(-159)/742. Let q(m) = -4*m**2 + 10*m - 8. Determine q(n).
-2
Suppose -5*g - 68 = q + 175, 3*g + 4*q = -156. Let y = -44 - g. Suppose 6*l = 3*l + 5*w + 25, -25 = y*l + 5*w. Let a(x) = x**3 + x**2 - x + 8. Calculate a(l).
8
Let u(r) = r**3 + 7*r**2 - 12*r + 5. Let a = 9740 - 9749. Determine u(a).
-49
Let w be (-9)/12*4 + 1*11. Let l(g) = -w*g**2 - 15*g + 12*g**2 + 2 + 1. Let b be l(3). Let o(p) = p**2 + 7*p - 3. What is o(b)?
-9
Let u(j) = j**3 - 21*j**2 - 2*j + 31. Let g = -18709 - -18730. Calculate u(g).
-11
Let b(d) = 17*d**2 - 37*d + 10. Let a(h) = 32*h**2 - 76*h + 19. Let k(t) = -6*a(t) + 11*b(t). Determine k(10).
-14
Let l(f) = 334*f - 3327. Let b be l(10). Let h(t) = -41*t + 532. What is h(b)?
-1
Suppose -252*w + 249*w = 4*d + 50, 2*w + 40 = -4*d. Let b(h) = -4*h - 31. What is b(w)?
9
Let h(d) be the third derivative of 1/60*d**5 - 1/24*d**4 - 1/2*d**3 - 26*d**2 - 4 + 0*d. Determine h(-3).
9
Let i(k) = k**3 - 13*k**2 + 12*k - 1. Suppose 0 = -1570*v + 1581*v - 132. What is i(v)?
-1
Let w(m) = -4*m - 27. Let f(z) = z + 9. Suppose 2 = -s + 2*s - 2*n, 5*s + 12 = -n. Let j(l) = s*w(l) - 7*f(l). Determine j(11).
2
Let w(m) = 7*m**3 - 2*m**2 + 8*m + 9. Let b be w(-1). Let s(u) = u**2 + 8*u + 5. What is s(b)?
5
Let k be (-15)/1 - (-21 + (-495)/(-35) + (-1)/7). Let u(t) = 0*t**2 + t**2 + 8*t - t. Determine u(k).
8
Let w(i) be the first derivative of -i**3/3 + i**2 + 12*i - 37. Let q be (77/(-462))/(1/(-24)). What is w(q)?
4
Suppose 4*a = j + 34, -2*a - 2*a - 122 = 5*j. Let d be (63/(-18) + 4)*j/(-1). Let h(o) = -o**2 + 13*o - 8. Give h(d).
-8
Let r(n) = -34*n - 99 - 93 + 104*n + 183 - 32*n - 37*n. Let z(d) = -2*d**2 + 6*d. Let u be z(4). Let h = 16 + u. Give r(h).
-1
Let i(n) = 2*n**2 - 2*n + 4. Let a(o) = o**2 + 9*o - 27. Let l(s) = -a(s) - 2*i(s). Give l(-4).
-41
Let g be (1 + 13/(-26))*((-23)/12 - -2). Let c(x) be the third derivative of -3*x**2 + 0 + 0*x - 1/2*x**3 - g*x**4. Give c(4).
-7
Let l(x) = 15*x + 51. Let m(z) = 3*z + 10. Suppose -b + 27 = 127. Let f = 121 + b. Let q(k) = f*m(k) - 4*l(k). Calculate q(-4).
-6
Suppose -286*l = -288*l + 170. Let c(n) = l + 2*n - 44 - 38. Determine c(5).
13
Suppose 11*c + 5*c = 0. Let h(f) = -4 + f**3 + f + c*f**3 - 223*f**2 + 227*f**2. Suppose -3*o - 3 = 3*d, -d - 2*d = 2*o. Give h(o).
2
Let u(y) be the third derivative of 43*y**4/24 - 17*y**3/6 + 491*y**2 - 2. Calculate u(1).
26
Let u(p) = -p**2 + 32*p - 81. Let y be u(30). Let j(c) = c**3 + 21*c**2 + c + 22. Let l be j(y). Let d(v) = -v**2 + 2 - 1 - v**2 + 4*v**2. What is d(l)?
3
Let n(y) = -21. Let c(j) = -3*j - 129. Let w(v) = -c(v) + 6*n(v). Give w(5).
18
Let n = -1569 + 1567. Let u(j) = -5*j + 7. Let a(h) = -15*h + 20. Let k(l) = -6*a(l) + 17*u(l). What is k(n)?
-11
Let u(w) = -w**2 - 18*w - 5. Let x be u(-18). Let t(k) = -6*k + 3. Let f(z) = z. Let c(y) = x*f(y) - t(y). Determine c(-11).
-14
Let k(f) = 3*f**2 + f + 8. Let v = -15 + 11. Let n(j) = 2*j**2 + j + 8. Let t(w) = v*n(w) + 3*k(w). Let u(z) be the first derivative of t(z). Calculate u(6).
11
Suppose 4*p = 117*u - 121*u - 124, u = p - 33. Let f(d) = -10*d - 315. What is f(u)?
5
Let p be (77/198)/((-1)/(-9)*30). Let s(a) be the third derivative of 1/2*a**3 + 0*a - 22*a**2 + 1/120*a**6 + 0 + 1/4*a**4 + p*a**5. What is s(-6)?
3
Let i(x) be the first derivative of 2*x**3/3 + 3*x**2/2 + x - 19. Let a be i(-2). Let n(m) = -3*m + 2 - a*m + 126*m**2 - 5 - 127*m**2. Calculate n(-4).
5
Suppose -96 = p - 100. Let t(j) = 4*j**2 + p - 6 + 3 - 3*j**2 + 20 - 14*j. What is t(12)?
-3
Let f(k) be the third derivative of k**6/120 + k**5/10 + 5*k**4/24 + 1813*k**2. Let c be -3 + 3 + -2 - 3. Calculate f(c).
0
Suppose 5*p = 4*g + 44 + 6, -3*p + 3*g = -30. Let f be 1/(35/p*3/42). Let l(h) = 0 + 10 + f + 11*h**2 - h**3 + 196*h - 207*h. Determine l(10).
4
Suppose 0 = -t - 62 + 57. Let a(z) = -z**2 - 10*z - 36. Let b be a(t). Let c(o) = -o**2 - 10*o + 12. Determine c(b).
1
Let x(a) = -a + 3 + 2*a - 1. Suppose -57*o + 1547 = 1205. Give x(o).
8
Let r be (42/7)/(564 - 570). Let q(i) = -i**3 - i**2 + 1. Let l(s) = -29*s**3 - 7*s**2 + s + 7. Let p(j) = l(j) - 5*q(j). What is p(r)?
23
Let z(s) = s**3 - 10*s**2 - 25*s + 12. Let t be z(12). Let k(q) = 8 + q**3 - 5*q**2 + t*q**3 + q + 5 - 11. Give k(5).
7
Let n(d) be the first derivative of -d**4/4 + 8*d**3/3 - 7*d**2/2 + d + 1. Let x = -333 - -78. Let v = 262 + x. Give n(v).
1
Let m(c) = -2*c**2 - 47*c - 1. Let j(b) = -b**2 - 16*b - 1. Let w(t) = 3*j(t) - m(t). What is w(-3)?
-8
Let h(p) = 2*p**3 + p**2 + 4*p + 4. Let l(a) = 293*a - 277*a + 2*a**2 + 12 - 5*a**3 + 13*a**3 + 5. Let w(g) = 9*h(g) - 2*l(g). What is w(-3)?
-19
Let n(w) be the third derivative of -w**6/120 + 2*w**5/15 - 3*w**4/8 + 10*w**3/3 + 8*w**2 + 39*w. Determine n(7).
6
Let p(b) = -b**2 + 13*b - 22. Let m(u) = -u**2 - 43*u - 35. Let h be m(-42). Give p(h).
20
Let a be -2*((-186)/(-48) - 4)*1. Let w(r) be the third derivative of -7/60*r**5 + 0*r + 1/120*r**6 + 0 + a*r**4 + 7/6*r**3 - 24*r**2. Calculate w(6).
7
Suppose 405*w = -8*w - 2478. Let y(f) be the first derivative of f**4/4 + 2*f**3 + 3*f**2/2 - 6*f - 1. What is y(w)?
-24
Let p(a) be the third derivative of 7*a**2 - 5/24*a**4 + 1/60*a**5 - 4 + 0*a + 4/3*a**3. Determine p(6).
14
Let t(o) = 6 - 18092*o - 6*o**2 + 18093*o + 7*o**2 - 53. Give t(7).
9
Let n be (-944)/(-10) + 2/(-5). Let s = n + -92. Let d(f) = 4*f**2 - 3*f - 5. Let z(a) = a**2 - a - 1. Let l(i) = d(i) - 5*z(i). Calculate l(s).
0
Let m(q) = 3*q - 6. Let k be (-1)/(5*1/35). Let z be (k/14)/((-2)/8). Suppose -b + 0 = x - 8, x - 12 = -z*b. Give m(b).
6
Let k(p) = -p + 2. Let z = 190 - 168. Suppose 0 = -5*v + h - z + 74, -v = 2*h - 6. Calculate k(v).
-8
Let p(q) = 5*q**2 - q - 2. Suppose -6*o = -9*o - w - 11, 3*o - w + 7 = 0. Determine p(o).
46
Suppose 2*v - 3*b + 4*b = -7, 0 = -v + 4*b + 10. Let a(d) = -63*d + 932. Let y(n) = -11*n + 162. Let p(t) = -4*a(t) + 23*y(t). Give p(v).
0
Suppose 9 = 4*y + z, z - 5 = -2*y + 2. Let h(b) = -25*b + 27. Let x be h(1). Let